o base 9
-37
What is 5 (base 11) in base 15?
5
Convert -37 (base 13) to base 5.
-141
Convert 53 (base 7) to base 13.
2c
0 (base 12) to base 16
0
What is -145 (base 12) in base 5?
-1242
3313 (base 4) to base 13
160
Convert -17 (base 10) to base 5.
-32
Convert 223 (base 8) to base 6.
403
Convert -42 (base 7) to base 11.
-28
Convert 1 (base 14) to base 6.
1
65 (base 7) to base 15
32
Convert -12 (base 4) to base 9.
-6
-10 (base 3) to base 11
-3
What is -112 (base 4) in base 6?
-34
Convert -5 (base 15) to base 3.
-12
What is 335 (base 6) in base 9?
155
Convert 440 (base 6) to base 5.
1133
What is 76 (base 10) in base 4?
1030
Convert -10 (base 3) to base 16.
-3
-3 (base 7) to base 14
-3
What is -14 (base 5) in base 7?
-12
-533 (base 8) to base 2
-101011011
What is 1 (base 5) in base 7?
1
What is 2 (base 16) in base 2?
10
What is -2012 (base 4) in base 15?
-8e
-15 (base 15) to base 2
-10100
1201 (base 3) to base 15
31
What is -4 (base 13) in base 14?
-4
What is 45 (base 7) in base 5?
113
Convert 5 (base 11) to base 12.
5
Convert -1 (base 3) to base 5.
-1
What is -24 (base 8) in base 9?
-22
Convert 1 (base 11) to base 9.
1
-2 (base 7) to base 10
-2
Convert 1 (base 2) to base 15.
1
What is -23 (base 4) in base 16?
-b
What is -107 (base 11) in base 13?
-9b
What is 111 (base 3) in base 6?
21
0 (base 7) to base 16
0
Convert 203 (base 6) to base 11.
69
Convert 5 (base 10) to base 14.
5
Convert 221 (base 6) to base 3.
10011
What is -110011 (base 2) in base 15?
-36
What is 11 (base 9) in base 12?
a
-102 (base 4) to base 7
-24
Convert -10110 (base 2) to base 14.
-18
-12b (base 14) to base 16
-eb
Convert 57 (base 10) to base 14.
41
What is -335 (base 7) in base 3?
-20102
What is 52 (base 15) in base 5?
302
What is 23 (base 6) in base 4?
33
-1 (base 2) to base 9
-1
-30 (base 15) to base 9
-50
Convert -9 (base 13) to base 11.
-9
-2201 (base 4) to base 12
-115
100101 (base 2) to base 10
37
21 (base 10) to base 8
25
What is 120 (base 3) in base 14?
11
What is 250 (base 7) in base 10?
133
Convert -b (base 16) to base 7.
-14
Convert -2 (base 3) to base 8.
-2
-127 (base 9) to base 15
-71
What is 37 (base 9) in base 12?
2a
-3 (base 14) to base 10
-3
What is -154 (base 9) in base 5?
-1010
Convert 31 (base 12) to base 4.
211
Convert 3 (base 5) to base 9.
3
Convert 5 (base 6) to base 16.
5
Convert -4 (base 15) to base 4.
-10
-102 (base 4) to base 6
-30
What is 67 (base 10) in base 13?
52
What is 0 (base 12) in base 2?
0
2 (base 4) to base 14
2
What is -4 (base 11) in base 13?
-4
-71 (base 11) to base 16
-4e
Convert 17 (base 8) to base 2.
1111
5 (base 13) to base 9
5
Convert 2 (base 7) to base 13.
2
10111 (base 2) to base 7
32
Convert -11 (base 6) to base 16.
-7
What is 1100 (base 2) in base 11?
11
32 (base 8) to base 11
24
10 (base 5) to base 10
5
Convert -101 (base 7) to base 4.
-302
What is -13 (base 7) in base 5?
-20
Convert -1 (base 10) to base 4.
-1
-7 (base 8) to base 6
-11
What is 14 (base 7) in base 8?
13
-20 (base 8) to base 6
-24
What is 1a (base 12) in base 5?
42
94 (base 13) to base 6
321
37 (base 14) to base 5
144
-3 (base 5) to base 4
-3
-10000 (base 3) to base 2
-1010001
Convert d (base 16) to base 13.
10
What is -10 (base 7) in base 3?
-21
-3 (base 11) to base 16
-3
Convert 4 (base 6) to base 3.
11
What is -195 (base 10) in base 4?
-3003
What is 9 (base 16) in base 10?
9
-1 (base 13) to base 8
-1
Convert -3 (base 13) to base 8.
-3
Convert -1 (base 12) to base 6.
-1
Convert 12 (base 14) to base 15.
11
Convert -1 (base 10) to base 4.
-1
What is 12 (base 6) in base 2?
1000
18 (base 11) to base 5
34
What is 110 (base 2) in base 10?
6
-2 (base 7) to base 6
-2
Convert 44 (base 6) to base 12.
24
Convert a (base 14) to base 7.
13
10 (base 6) to base 2
110
What is -162 (base 7) in base 14?
-69
What is -111 (base 5) in base 3?
-1011
-10110 (base 2) to base 8
-26
What is 21 (base 9) in base 8?
23
Convert -20 (base 10) to base 12.
-18
-43 (base 12) to base 5
-201
What is -1 (base 7) in base 11?
-1
-10110101 (base 2) to base 11
-155
Convert -150 (base 14) to base 3.
-100212
Convert 13 (base 12) to base 2.
1111
What is -c (base 16) in base 7?
-15
-100 (base 4) to base 3
-121
What is -14 (base 14) in base 5?
-33
What is -7 (base 16) in base 7?
-10
What is -1 (base 15) in base 13?
-1
What is -22 (base 10) in base 15?
-17
Convert -10 (base 4) to base 14.
-4
Convert 14 (base 6) to base 4.
22
What is 4 (base 10) in base 13?
4
Convert 41 (base 7) to base 13.
23
What is -4 (base 15) in base 10?
-4
-5 (base 14) to base 3
-12
3 (base 6) to base 7
3
Convert 3 (base 7) to base 3.
10
What is -23 (base 16) in base 7?
-50
What is -65 (base 13) in base 14?
-5d
-11 (base 10) to base 16
-b
Convert 1 (base 12) to base 8.
1
11 (base 4) to base 3
12
-1 (base 11) to base 14
-1
What is 4 (base 5) in base 3?
11
Convert -1 (base 13) to base 9.
-1
Convert -15 (base 12) to base 5.
-32
What is 36 (base 10) in base 12?
30
125 (base 9) to base 10
104
Convert -101 (base 2) to base 14.
-5
What is -2 (base 9) in base 11?
-2
-134 (base 7) to base 6
-202
Convert -22 (base 10) to base 3.
-211
Convert 7 (base 15) to base 9.
7
Convert 1 (base 4) to base 5.
1
What is 2 (base 6) in base 7?
2
23 (base 7) to base 10
17
Convert 1056 (base 7) to base 11.
31a
What is -112 (base 8) in base 6?
-202
What is 0 (base 7) in base 6?
0
Convert 71 (base 10) to base 6.
155
What is 4 (base 8) in base 15?
4
-194 (base 13) to base 11
-244
18 (base 16) to base 15
19
28 (base 15) to base 13
2c
-3 (base 14) to base 7
-3
What is -2 (base 12) in base 7?
-2
Convert -3 (base 6) to base 9.
-3
-13 (base 11) to base 9
-15
Convert 57 (base 14) to base 6.
205
252 (base 8) to base 14
c2
What is 117 (base 12) in base 2?
10100011
Convert -2 (base 10) to base 4.
-2
Convert -2 (base 3) to base 16.
-2
Convert 5 (base 6) to base 8.
5
-10010001 (base 2) to base 14
-a5
What is -6 (base 14) in base 8?
-6
Convert -131 (base 7) to base 12.
-5b
Convert -6 (base 13) to base 7.
-6
Convert -21 (base 9) to base 8.
-23
Convert -435 (base 7) to base 5.
-1342
What is 1100 (base 2) in base 3?
110
-14 (base 13) to base 10
-17
What is 51 (base 7) in base 14?
28
-1 (base 10) to base 12
-1
What is -9 (base 12) in base 13?
-9
What is 2a (base 13) in base 3?
1100
Convert -31 (base 16) to base 2.
-110001
Convert 1 (base 4) to base 11.
1
Convert -403 (base 6) to base 9.
-173
Convert 15 (base 8) to base 4.
31
3 (base 12) to base 7
3
8 (base 9) to base 10
8
What is 3 (base 11) in base 6?
3
What is -8 (base 13) in base 11?
-8
-10 (base 16) to base 8
-20
What is 12 (base 15) in base 2?
10001
2 (base 6) to base 3
2
Convert 64 (base 14) to base 15.
5d
Convert 133 (base 7) to base 10.
73
What is 302 (base 5) in base 2?
1001101
Convert 0 (base 2) to base 12.
0
Convert 16 (base 10) to base 8.
20
What is -1 (base 6) in base 11?
-1
Convert -c4 (base 13) to base 8.
-240
Convert 2c (base 13) to base 8.
46
-4 (base 13) to base 8
-4
Convert -112 (base 4) to base 10.
-22
What is -364 (base 8) in base 13?
-15a
-17 (base 11) to base 6
-30
Convert 4 (base 9) to base 10.
4
What is -38 (base 9) in base 3?
-1022
What is -2 (base 11) in base 15?
-2
What is 1 (base 16) in base 6?
1
Convert 4 (base 14) to base 10.
4
Convert -100 (base 5) to base 12.
-21
What is 1011001 (base 2) in base 6?
225
Convert -3 (base 14) to base 7.
-3
Convert 232 (base 6) to base 15.
62
28 (base 11) to base 8
36
6c (base 14) to base 8
140
Convert 25 (base 7) to base 12.
17
Convert a (base 15) to base 5.
20
What is 44 (base 10) in base 14?
32
-3 (base 4) to base 8
-3
Convert 0 (base 16) to base 3.
0
10 (base 9) to base 7
12
2 (base 10) to base 5
2
What is -6 (base 16) in base 2?
-110
What is -16 (base 8) in base 11?
-13
Convert 12 (base 8) to base 3.
101
6 (base 16) to base 14
6
Convert -5 (base 7) to base 15.
-5
-d (base 16) to base 11
-12
What is 8b (base 15) in base 3?
11212
-224 (base 10) to base 8
-340
101 (base 2) to base 15
5
Convert -33 (base 10) to base 5.
-113
-7 (base 8) to base 14
-7
What is -111 (base 3) in base 8?
-15
What is 65 (base 8) in base 3?
1222
6 (base 16) to base 5
11
-8 (base 11) to base 15
-8
What is 23 (base 11) in base 9?
27
Convert 124 (base 6) to base 9.
57
Convert -145 (base 6) to base 14.
-49
What is 5 (base 12) in base 8?
5
Convert 3 (base 8) to base 11.
3
-1121 (base 5) to bas